ulate the remainder when 3159 is divided by 227.
208
Calculate the remainder when 3538 is divided by 253.
249
Calculate the remainder when 28227 is divided by 7050.
27
What is the remainder when 62419 is divided by 309?
1
Calculate the remainder when 629044 is divided by 19.
11
What is the remainder when 68522 is divided by 47?
43
Calculate the remainder when 145575 is divided by 502.
497
Calculate the remainder when 53408 is divided by 7603.
187
Calculate the remainder when 100890 is divided by 33623.
21
What is the remainder when 2176 is divided by 272?
0
Calculate the remainder when 79891 is divided by 14.
7
Calculate the remainder when 3385 is divided by 227.
207
What is the remainder when 74203 is divided by 350?
3
Calculate the remainder when 46238 is divided by 182.
10
Calculate the remainder when 42923 is divided by 229.
100
What is the remainder when 51330 is divided by 3?
0
Calculate the remainder when 4876 is divided by 20.
16
Calculate the remainder when 51905 is divided by 10362.
95
Calculate the remainder when 206190 is divided by 49.
47
Calculate the remainder when 57460 is divided by 293.
32
Calculate the remainder when 2362 is divided by 142.
90
What is the remainder when 10426 is divided by 472?
42
Calculate the remainder when 6462 is divided by 14.
8
What is the remainder when 332756 is divided by 98?
46
Calculate the remainder when 5535 is divided by 76.
63
What is the remainder when 5590 is divided by 193?
186
Calculate the remainder when 12346 is divided by 2052.
34
What is the remainder when 1901 is divided by 97?
58
What is the remainder when 10299 is divided by 10286?
13
What is the remainder when 26341 is divided by 26298?
43
Calculate the remainder when 6433 is divided by 579.
64
Calculate the remainder when 706379 is divided by 732.
731
What is the remainder when 33537 is divided by 2393?
35
What is the remainder when 84375 is divided by 84334?
41
What is the remainder when 27541 is divided by 273?
241
Calculate the remainder when 84968 is divided by 60.
8
What is the remainder when 2882698 is divided by 36?
34
What is the remainder when 181806 is divided by 314?
0
Calculate the remainder when 10895 is divided by 87.
20
Calculate the remainder when 560753 is divided by 196.
193
What is the remainder when 64522 is divided by 4297?
67
What is the remainder when 6985 is divided by 63?
55
Calculate the remainder when 14903 is divided by 14893.
10
Calculate the remainder when 114 is divided by 111.
3
Calculate the remainder when 3590 is divided by 80.
70
What is the remainder when 198607 is divided by 70?
17
Calculate the remainder when 63173 is divided by 390.
383
Calculate the remainder when 7206 is divided by 106.
104
What is the remainder when 2184 is divided by 254?
152
Calculate the remainder when 3408 is divided by 196.
76
What is the remainder when 9265 is divided by 98?
53
Calculate the remainder when 753 is divided by 427.
326
Calculate the remainder when 13293 is divided by 31.
25
Calculate the remainder when 46292 is divided by 15377.
161
What is the remainder when 3319 is divided by 828?
7
Calculate the remainder when 12308 is divided by 882.
842
Calculate the remainder when 1145 is divided by 16.
9
Calculate the remainder when 167094 is divided by 14.
4
Calculate the remainder when 1710 is divided by 622.
466
What is the remainder when 95367 is divided by 167?
10
What is the remainder when 6218 is divided by 2709?
800
What is the remainder when 1254 is divided by 178?
8
Calculate the remainder when 1695 is divided by 259.
141
Calculate the remainder when 946 is divided by 233.
14
Calculate the remainder when 709 is divided by 93.
58
What is the remainder when 60558 is divided by 3?
0
What is the remainder when 84878 is divided by 65?
53
Calculate the remainder when 3459 is divided by 376.
75
What is the remainder when 559174 is divided by 25?
24
Calculate the remainder when 61514 is divided by 14.
12
What is the remainder when 2255 is divided by 435?
80
What is the remainder when 15890 is divided by 1056?
50
What is the remainder when 158312 is divided by 713?
26
Calculate the remainder when 59450 is divided by 399.
398
What is the remainder when 16686 is divided by 105?
96
Calculate the remainder when 32338 is divided by 28.
26
What is the remainder when 1122815 is divided by 256?
255
What is the remainder when 10280 is divided by 95?
20
What is the remainder when 74228 is divided by 6?
2
Calculate the remainder when 7550 is divided by 7540.
10
Calculate the remainder when 12842 is divided by 13.
11
What is the remainder when 2313 is divided by 480?
393
What is the remainder when 8447 is divided by 384?
383
Calculate the remainder when 98555 is divided by 448.
443
Calculate the remainder when 20780 is divided by 838.
668
Calculate the remainder when 4560330 is divided by 742.
740
Calculate the remainder when 4689 is divided by 933.
24
Calculate the remainder when 17915 is divided by 41.
39
Calculate the remainder when 22345 is divided by 19.
1
What is the remainder when 10805 is divided by 363?
278
What is the remainder when 16437 is divided by 137?
134
Calculate the remainder when 57150 is divided by 19045.
15
What is the remainder when 19574 is divided by 261?
260
What is the remainder when 5670 is divided by 15?
0
Calculate the remainder when 1715 is divided by 1000.
715
Calculate the remainder when 3867 is divided by 85.
42
What is the remainder when 1774074 is divided by 213?
210
What is the remainder when 10390 is divided by 83?
15
What is the remainder when 510 is divided by 38?
16
What is the remainder when 135134 is divided by 5?
4
Calculate the remainder when 795350 is divided by 296.
294
What is the remainder when 14461 is divided by 14449?
12
What is the remainder when 77257 is divided by 20?
17
What is the remainder when 9817421 is divided by 8?
5
What is the remainder when 11203 is divided by 95?
88
Calculate the remainder when 9389454 is divided by 17.
14
What is the remainder when 16893 is divided by 21?
9
Calculate the remainder when 21781 is divided by 52.
45
What is the remainder when 385387 is divided by 170?
167
What is the remainder when 15971 is divided by 291?
257
What is the remainder when 59817 is divided by 4272?
9
Calculate the remainder when 46392 is divided by 182.
164
What is the remainder when 43114 is divided by 13?
6
What is the remainder when 102 is divided by 82?
20
What is the remainder when 126719 is divided by 556?
507
Calculate the remainder when 578 is divided by 35.
18
Calculate the remainder when 12616 is divided by 3152.
8
What is the remainder when 261053 is divided by 83?
18
What is the remainder when 26174 is divided by 2013?
5
What is the remainder when 44101 is divided by 169?
161
What is the remainder when 701 is divided by 176?
173
What is the remainder when 44872 is divided by 5?
2
What is the remainder when 1067297 is divided by 51?
20
What is the remainder when 106555 is divided by 1591?
1549
Calculate the remainder when 2454 is divided by 128.
22
What is the remainder when 17573 is divided by 330?
83
What is the remainder when 19502 is divided by 43?
23
Calculate the remainder when 69375 is divided by 19.
6
Calculate the remainder when 10049 is divided by 19.
17
Calculate the remainder when 252873 is divided by 119.
117
Calculate the remainder when 86615 is divided by 8.
7
What is the remainder when 449 is divided by 229?
220
Calculate the remainder when 23905 is divided by 519.
31
Calculate the remainder when 5873 is divided by 2767.
339
What is the remainder when 120863 is divided by 15106?
15
What is the remainder when 7891 is divided by 51?
37
Calculate the remainder when 25129 is divided by 596.
97
What is the remainder when 484406 is divided by 326?
296
What is the remainder when 7428 is divided by 18?
12
Calculate the remainder when 8606 is divided by 555.
281
What is the remainder when 67772 is divided by 84?
68
Calculate the remainder when 326586 is divided by 576.
570
Calculate the remainder when 21472 is divided by 1263.
1
Calculate the remainder when 1067 is divided by 1049.
18
Calculate the remainder when 97662 is divided by 51.
48
What is the remainder when 18697 is divided by 849?
19
Calculate the remainder when 207 is divided by 44